{"id":212,"date":"2025-05-28T01:12:29","date_gmt":"2025-05-28T06:12:29","guid":{"rendered":"http:\/\/localhost:8080\/pssweb\/?post_type=product&#038;p=212"},"modified":"2025-05-28T01:13:40","modified_gmt":"2025-05-28T06:13:40","slug":"300kg-x-20-g-de-resolucion-balance-digital-salida-rs-232serial-completa-con-calibracioncertificado-trazable-modelo-de-plataforma-con-columna-y-visualizacion-bateria-recargable-y-funcionamiento","status":"publish","type":"product","link":"https:\/\/www.cpss.com.pe\/index.php\/product\/300kg-x-20-g-de-resolucion-balance-digital-salida-rs-232serial-completa-con-calibracioncertificado-trazable-modelo-de-plataforma-con-columna-y-visualizacion-bateria-recargable-y-funcionamiento\/","title":{"rendered":"300kg X 20 G De Resoluci\u00f3n, Balance Digital, Salida Rs 232Serial, Completa Con Calibraci\u00f3ncertificado Trazable. Modelo De Plataforma Con Columna Y Visualizaci\u00f3n. Bater\u00eda (Recargable) Y Funcionamiento De La Red. 110-230V\/50-60Hz\/1Ph"},"content":{"rendered":"<p>Modelos con certificado de calibraci\u00f3n trazable, caracter\u00edsticas principales:<br \/>\n&#8211; Mains y bater\u00eda recargable operado (paquete incluido)<br \/>\n&#8211; Dentro de la instalaci\u00f3n de pesaje del saldo<br \/>\n&#8211; RS 232 puerto serie<br \/>\n&#8211; Suministrado completo con Certificado de Calibraci\u00f3n Trazable<\/p>\n<p>Especificaciones T\u00e9cnicas<br \/>\n&#8211; Capacidad: 300kg<br \/>\n&#8211; Resoluci\u00f3n (g): 20<br \/>\n&#8211; Pan Dimensions (mm): 450&#215;600<br \/>\n&#8211; Under Balance Weighing Facility: No<br \/>\n&#8211; Peso: 4kg<\/p>\n","protected":false},"excerpt":{"rendered":"<p>Modelos con certificado de calibraci\u00f3n trazable, caracter\u00edsticas principales: &#8211; Mains y bater\u00eda recargable operado (paquete incluido) &#8211; Dentro de la instalaci\u00f3n de pesaje del saldo &#8211; RS 232 puerto serie &#8211; Suministrado completo con Certificado de Calibraci\u00f3n Trazable Especificaciones T\u00e9cnicas &#8211; Capacidad: 300kg &#8211; Resoluci\u00f3n (g): 20 &#8211; Pan Dimensions (mm): 450&#215;600 &#8211; Under Balance&#8230;<\/p>\n","protected":false},"featured_media":232,"template":"","meta":{"_kadence_starter_templates_imported_post":false,"_kad_post_transparent":"","_kad_post_title":"","_kad_post_layout":"","_kad_post_sidebar_id":"","_kad_post_content_style":"","_kad_post_vertical_padding":"","_kad_post_feature":"","_kad_post_feature_position":"","_kad_post_header":false,"_kad_post_footer":false},"product_brand":[33],"product_cat":[26],"product_tag":[],"class_list":{"0":"post-212","1":"product","2":"type-product","3":"status-publish","4":"has-post-thumbnail","6":"product_brand-controls","7":"product_cat-equipos-generales-laboratorio","9":"first","10":"instock","11":"shipping-taxable","12":"purchasable","13":"product-type-simple","14":"entry","15":"content-bg","16":"loop-entry"},"_links":{"self":[{"href":"https:\/\/www.cpss.com.pe\/index.php\/wp-json\/wp\/v2\/product\/212","targetHints":{"allow":["GET"]}}],"collection":[{"href":"https:\/\/www.cpss.com.pe\/index.php\/wp-json\/wp\/v2\/product"}],"about":[{"href":"https:\/\/www.cpss.com.pe\/index.php\/wp-json\/wp\/v2\/types\/product"}],"wp:featuredmedia":[{"embeddable":true,"href":"https:\/\/www.cpss.com.pe\/index.php\/wp-json\/wp\/v2\/media\/232"}],"wp:attachment":[{"href":"https:\/\/www.cpss.com.pe\/index.php\/wp-json\/wp\/v2\/media?parent=212"}],"wp:term":[{"taxonomy":"product_brand","embeddable":true,"href":"https:\/\/www.cpss.com.pe\/index.php\/wp-json\/wp\/v2\/product_brand?post=212"},{"taxonomy":"product_cat","embeddable":true,"href":"https:\/\/www.cpss.com.pe\/index.php\/wp-json\/wp\/v2\/product_cat?post=212"},{"taxonomy":"product_tag","embeddable":true,"href":"https:\/\/www.cpss.com.pe\/index.php\/wp-json\/wp\/v2\/product_tag?post=212"}],"curies":[{"name":"wp","href":"https:\/\/api.w.org\/{rel}","templated":true}]}}