{"id":217,"date":"2025-05-28T01:12:47","date_gmt":"2025-05-28T06:12:47","guid":{"rendered":"http:\/\/localhost:8080\/pssweb\/?post_type=product&#038;p=217"},"modified":"2025-05-28T01:14:09","modified_gmt":"2025-05-28T06:14:09","slug":"aguja-de-penetracion-fabricada-en-acero-inoxidable-templado-y-pulido-univocamente-rastreable-por-numero-de-serie-grabado-juego-de-3","status":"publish","type":"product","link":"https:\/\/www.cpss.com.pe\/index.php\/product\/aguja-de-penetracion-fabricada-en-acero-inoxidable-templado-y-pulido-univocamente-rastreable-por-numero-de-serie-grabado-juego-de-3\/","title":{"rendered":"Aguja De Penetraci\u00f3n Fabricada En Acero Inoxidable Templado Y Pulido. Un\u00edvocamente Rastreable Por N\u00famero De Serie Grabado. Juego De 3"},"content":{"rendered":"<p>Aguja de penetraci\u00f3n fabricada en acero inoxidable templado y pulido. Un\u00edvocamente rastreable por n\u00famero de serie grabado. Juego de 3. Cumple con las normas ASTM D5 y EN 1426. Se entrega con certificado de conformidad.<br \/>\nAnotaci\u00f3n:<br \/>\n-Suministrado con certificado de conformidad<br \/>\n-Este accesorio es suministrado en juego de 3 agujas.<br \/>\nNormativas<br \/>\nEN 1426<br \/>\nASTM D5<br \/>\nASHTO T49<\/p>\n","protected":false},"excerpt":{"rendered":"<p>Aguja de penetraci\u00f3n fabricada en acero inoxidable templado y pulido. Un\u00edvocamente rastreable por n\u00famero de serie grabado. Juego de 3. Cumple con las normas ASTM D5 y EN 1426. Se entrega con certificado de conformidad. Anotaci\u00f3n: -Suministrado con certificado de conformidad -Este accesorio es suministrado en juego de 3 agujas. Normativas EN 1426 ASTM D5&#8230;<\/p>\n","protected":false},"featured_media":237,"template":"","meta":{"_kadence_starter_templates_imported_post":false,"_kad_post_transparent":"","_kad_post_title":"","_kad_post_layout":"","_kad_post_sidebar_id":"","_kad_post_content_style":"","_kad_post_vertical_padding":"","_kad_post_feature":"","_kad_post_feature_position":"","_kad_post_header":false,"_kad_post_footer":false},"product_brand":[33],"product_cat":[30],"product_tag":[],"class_list":{"0":"post-217","1":"product","2":"type-product","3":"status-publish","4":"has-post-thumbnail","6":"product_brand-controls","7":"product_cat-mezcla-de-asfalto","9":"first","10":"instock","11":"shipping-taxable","12":"purchasable","13":"product-type-simple","14":"entry","15":"content-bg","16":"loop-entry"},"_links":{"self":[{"href":"https:\/\/www.cpss.com.pe\/index.php\/wp-json\/wp\/v2\/product\/217","targetHints":{"allow":["GET"]}}],"collection":[{"href":"https:\/\/www.cpss.com.pe\/index.php\/wp-json\/wp\/v2\/product"}],"about":[{"href":"https:\/\/www.cpss.com.pe\/index.php\/wp-json\/wp\/v2\/types\/product"}],"wp:featuredmedia":[{"embeddable":true,"href":"https:\/\/www.cpss.com.pe\/index.php\/wp-json\/wp\/v2\/media\/237"}],"wp:attachment":[{"href":"https:\/\/www.cpss.com.pe\/index.php\/wp-json\/wp\/v2\/media?parent=217"}],"wp:term":[{"taxonomy":"product_brand","embeddable":true,"href":"https:\/\/www.cpss.com.pe\/index.php\/wp-json\/wp\/v2\/product_brand?post=217"},{"taxonomy":"product_cat","embeddable":true,"href":"https:\/\/www.cpss.com.pe\/index.php\/wp-json\/wp\/v2\/product_cat?post=217"},{"taxonomy":"product_tag","embeddable":true,"href":"https:\/\/www.cpss.com.pe\/index.php\/wp-json\/wp\/v2\/product_tag?post=217"}],"curies":[{"name":"wp","href":"https:\/\/api.w.org\/{rel}","templated":true}]}}