{"id":221,"date":"2025-05-28T01:12:59","date_gmt":"2025-05-28T06:12:59","guid":{"rendered":"http:\/\/localhost:8080\/pssweb\/?post_type=product&#038;p=221"},"modified":"2025-05-28T01:14:19","modified_gmt":"2025-05-28T06:14:19","slug":"aparato-automatico-de-aros-y-bolas-punto-de-abaldamiento-230v-50-60hz-1ph","status":"publish","type":"product","link":"https:\/\/www.cpss.com.pe\/index.php\/product\/aparato-automatico-de-aros-y-bolas-punto-de-abaldamiento-230v-50-60hz-1ph\/","title":{"rendered":"Aparato Autom\u00e1tico De Aros Y Bolas. (Punto De Abaldamiento) 230V, 50-60Hz, 1Ph"},"content":{"rendered":"<p>El probador autom\u00e1tico de anillos y bolas permite realizar de forma totalmente autom\u00e1tica la determinaci\u00f3n del punto de reblandecimiento de aglutinantes que cumplen con las normas internacionales m\u00e1s comunes.<br \/>\nDos muestras de aglutinante, fundidas en anillos de lat\u00f3n con hombros, se calientan a una temperatura controlada en un ba\u00f1o de agua o glicerol mientras cada una sostiene una bola de acero. El punto de reblandecimiento corresponde a la temperatura media a la que las dos muestras se ablandan lo suficiente como para permitir que cada bola, envuelta en aglutinante, caiga 25 mm, detectada autom\u00e1ticamente por una barrera luminosa calibrada.<br \/>\nConformidad total<br \/>\nEl probador autom\u00e1tico de anillos y bolas cumple completamente con la velocidad de calentamiento de la temperatura, mostrando en tiempo real el gradiente y su desviaci\u00f3n del te\u00f3rico. El probador guarda los resultados del gradiente y del punto de ablandamiento en la memoria interna o en una memoria USB. Puede exportar los datos de temperatura\/tiempo en tiempo real a su PC o administrarlos con el software de PC opcional.<br \/>\nSeguridad mejorada<br \/>\nLa placa calefactora est\u00e1 completamente sellada, por lo que no puede da\u00f1arse ni verse afectada por posibles fugas de agua o glicerol, o si el vaso se rompe. Al final de la prueba, la placa calefactora se apaga autom\u00e1ticamente y el ventilador de refrigeraci\u00f3n integrado se activa, lo que mejora las operaciones de enfriamiento del vaso y reduce los riesgos para el operador. La cubierta frontal transparente reduce los riesgos derivados de derrames accidentales de agua o glicerol del vaso.<br \/>\nEquipo est\u00e1ndar<br \/>\nEl aparato se suministra completo con equipo para el punto de reblandecimiento de materiales bituminosos (dos anillos, dos bolas de acero, dos dispositivos de centrado, marco de soporte, vaso de precipitados de 600 ml, sonda PT100, placa de preparaci\u00f3n de muestras y agitador magn\u00e9tico).<\/p>\n<p>Caracter\u00edsticas<br \/>\n Determinaci\u00f3n totalmente autom\u00e1tica del punto de reblandecimiento. El aparato aplica autom\u00e1ticamente el gradiente de temperatura y detecta la posici\u00f3n de la muestra con barreras luminosas y registra el punto de reblandecimiento.<br \/>\nPantalla t\u00e1ctil a color de 7\u00bb, con m\u00faltiples procedimientos de prueba preestablecidos y personalizados, que permite la visualizaci\u00f3n en tiempo real del gr\u00e1fico de temperatura\/tiempo en pantalla o PC (con software opcional).<br \/>\nVentilador de enfriamiento incorporado, habilitado autom\u00e1ticamente al final de la prueba, para reducir el tiempo de enfriamiento del vaso.<br \/>\nCubierta frontal transparente extra\u00edble que protege al operador de salpicaduras accidentales de agua caliente o glicerol o del contacto accidental con el vaso y el plato calientes.<br \/>\nPortasonda PT100 y bandeja de goteo para portamuestras, completo con asa, que mejora las operaciones de posicionamiento del vaso.<br \/>\nPosibilidad de realizar pruebas definidas por el usuario con temperatura m\u00e1xima de hasta 250\u00b0C.<br \/>\n Especificaciones<br \/>\nLugares de prueba : 2<\/p>\n<p>Rango de temperatura : hasta 250\u00b0C<\/p>\n<p>Sondas de temperatura :<\/p>\n<p>Sonda PT100, rango -30 +350\u00b0C, resoluci\u00f3n de 0,1\u00b0C, precisi\u00f3n de \u00b10,2\u00b0C<br \/>\nTermopar K para monitoreo de placas de cocci\u00f3n con rango de 0\u00b0C a +1000\u00b0C, resoluci\u00f3n de 0,1\u00b0<br \/>\nVelocidad del agitador : de 0 a 200 rpm<\/p>\n<p>Caracteristicas de seguridad :<\/p>\n<p>Ventilador de refrigeraci\u00f3n integrado<br \/>\nCubierta de protecci\u00f3n frontal extra\u00edble<br \/>\nIcono de advertencia de temperatura<br \/>\nIncluye soporte para sonda PT100 y bandeja de goteo para portamuestras.<br \/>\nEspecificaciones del controlador electr\u00f3nico :<\/p>\n<p>Pantalla gr\u00e1fica t\u00e1ctil capacitiva a color de 7\u201d, 16 millones de colores y resoluci\u00f3n de 800 x 480 px<br \/>\nPosibilidad de configurar hasta 10 perfiles de prueba personalizados<br \/>\nPosibilidad de programar pruebas personalizadas utilizadas con condiciones finales de prueba definidas por el usuario (hasta 250 \u00b0C) y gradiente de temperatura de hasta 6 \u00b0C\/min.<br \/>\nVisualizaci\u00f3n del gr\u00e1fico de temperatura\/tiempo en tiempo real y temperatura del punto de reblandecimiento de las dos muestras.<br \/>\nPosibilidad de configurar el idioma entre 14 idiomas preestablecidos<br \/>\nConexiones y memoria :<\/p>\n<p>RS232 para conexi\u00f3n a PC (software opcional)<br \/>\nUSB para tarjeta de memoria<br \/>\nMemoria interna, almacenamiento de hasta miles de pruebas.<br \/>\nFuente de alimentaci\u00f3n : 110 V o 230 V, 50 Hz\/60 Hz, 1600 W<\/p>\n<p>Dimensiones : 295 mm x 465 mm x 430 mm (ancho x fondo x alto)<\/p>\n<p>Aprox. Peso : 13,7 kilogramos<\/p>\n<p>Normas<br \/>\nAASHTO T53<br \/>\nNorma ASTM D36<br \/>\nEN 1427<br \/>\nIP 58<br \/>\nJISK 2207<\/p>\n","protected":false},"excerpt":{"rendered":"<p>El probador autom\u00e1tico de anillos y bolas permite realizar de forma totalmente autom\u00e1tica la determinaci\u00f3n del punto de reblandecimiento de aglutinantes que cumplen con las normas internacionales m\u00e1s comunes. Dos muestras de aglutinante, fundidas en anillos de lat\u00f3n con hombros, se calientan a una temperatura controlada en un ba\u00f1o de agua o glicerol mientras cada&#8230;<\/p>\n","protected":false},"featured_media":241,"template":"","meta":{"_kadence_starter_templates_imported_post":false,"_kad_post_transparent":"","_kad_post_title":"","_kad_post_layout":"","_kad_post_sidebar_id":"","_kad_post_content_style":"","_kad_post_vertical_padding":"","_kad_post_feature":"","_kad_post_feature_position":"","_kad_post_header":false,"_kad_post_footer":false},"product_brand":[33],"product_cat":[30],"product_tag":[],"class_list":{"0":"post-221","1":"product","2":"type-product","3":"status-publish","4":"has-post-thumbnail","6":"product_brand-controls","7":"product_cat-mezcla-de-asfalto","9":"first","10":"instock","11":"shipping-taxable","12":"purchasable","13":"product-type-simple","14":"entry","15":"content-bg","16":"loop-entry"},"_links":{"self":[{"href":"https:\/\/www.cpss.com.pe\/index.php\/wp-json\/wp\/v2\/product\/221","targetHints":{"allow":["GET"]}}],"collection":[{"href":"https:\/\/www.cpss.com.pe\/index.php\/wp-json\/wp\/v2\/product"}],"about":[{"href":"https:\/\/www.cpss.com.pe\/index.php\/wp-json\/wp\/v2\/types\/product"}],"wp:featuredmedia":[{"embeddable":true,"href":"https:\/\/www.cpss.com.pe\/index.php\/wp-json\/wp\/v2\/media\/241"}],"wp:attachment":[{"href":"https:\/\/www.cpss.com.pe\/index.php\/wp-json\/wp\/v2\/media?parent=221"}],"wp:term":[{"taxonomy":"product_brand","embeddable":true,"href":"https:\/\/www.cpss.com.pe\/index.php\/wp-json\/wp\/v2\/product_brand?post=221"},{"taxonomy":"product_cat","embeddable":true,"href":"https:\/\/www.cpss.com.pe\/index.php\/wp-json\/wp\/v2\/product_cat?post=221"},{"taxonomy":"product_tag","embeddable":true,"href":"https:\/\/www.cpss.com.pe\/index.php\/wp-json\/wp\/v2\/product_tag?post=221"}],"curies":[{"name":"wp","href":"https:\/\/api.w.org\/{rel}","templated":true}]}}